culate the greatest common divisor of j and 3741.
87
Let b = -387 + 392. Suppose 0 = 5*v + 5*z - 2390, 0 = -v - b*z + 368 + 114. What is the highest common factor of v and 18?
9
Suppose 58*b = 10925 - 2921. Calculate the highest common factor of 1311 and b.
69
Let k = -1248 - -2044. Suppose 0 = 2*o + 4*r - k, -2*r - 729 = -5*o + 1213. What is the highest common divisor of 15 and o?
15
Let x be (477/6 - -3)/(5 + (-68)/16). Calculate the highest common factor of x and 560.
10
Let h(u) = 2*u**2 - 4*u + 2. Let i be h(2). Suppose i*g - 126 = -36. Suppose -82*j + 115*j = 165. Calculate the highest common divisor of j and g.
5
Let p be -14*-26*(-3)/(-12). Let y = 92 - p. Let f be (-8)/20 + y + (-22)/(-5). Calculate the highest common divisor of 5 and f.
5
Let c(d) = 6*d**2 - 2*d - 2. Let r be c(2). Suppose 12564 = 35*o + 594. What is the highest common factor of r and o?
18
Let z = 97 - 123. Let s be 4/(-3 + z/(-6)). Suppose 60 = 2*c - 5*j, -4*c + 172 = -0*j + s*j. Calculate the greatest common divisor of c and 30.
10
Let t(a) = 10*a + 2. Let p be t(3). Let f = 62815 - 62655. Calculate the highest common factor of f and p.
32
Let t(m) = -m**2 - 33*m - 126. Let v be t(-21). Suppose -61*n = -55*n - 168. Calculate the highest common factor of n and v.
14
Suppose a + 20 = 2*a - 4*v, -4*v + 4 = a. Suppose -12 = -3*j, 0*j - j = 4*x + 472. Let n = x - -179. Calculate the greatest common factor of n and a.
12
Let g(u) = 3*u**3 + 8*u - 10*u - 13*u + 8*u**2 + 6. Let p be g(2). Calculate the highest common divisor of 40 and p.
8
Let s be (9 - -3)*(5 + 62). Let i(h) = -12*h + 108. Let q be i(7). Calculate the highest common factor of s and q.
12
Let a(m) = 36*m + 975. Let s be a(-23). Suppose -2*y + 196 = -0*y. Calculate the greatest common factor of y and s.
49
Let y(j) = 31*j - 3. Let n be (14/3 - -1) + 16/(-24). Let f be y(n). Suppose -5 - 33 = -2*s. What is the highest common factor of f and s?
19
Let r be (4 - 2)/(4/48). Let p = 110 - 154. Let k = p - -50. What is the greatest common divisor of k and r?
6
Suppose -4*q - 112 = -4*l, -3*l + 58 = -2*q - 22. Let t be (4/6)/(-2*(-1)/l). Suppose -15*j = -11*j - t. Calculate the highest common divisor of j and 14.
2
Suppose -4*n = 4*y - 2936, -45*y + 42*y = n - 2198. What is the greatest common factor of 15616 and y?
244
Let a = 28 + -37. Let p(w) = w**3 + 11*w**2 - 4*w - 3. Let l be p(a). Calculate the greatest common factor of 15 and l.
15
Let w be (5 + 0)/(-9 + 23/2). Suppose -u - 2 = -2*u. Let b be 5 - w - (u - 30). Calculate the highest common factor of 279 and b.
31
Let h(q) = -q - 6. Let m be h(-2). Let k be (-4)/3*(m + 1). Let b be ((-216)/(-60))/(k/10). What is the greatest common factor of 36 and b?
9
Let t be 16/56 + 26/7. Let p be (-1006)/(-10) + 24/(-40). Calculate the greatest common divisor of p and t.
4
Let w = -87 - -93. Suppose -w*u + 17 = -43. Let z = -131 + 201. Calculate the highest common divisor of u and z.
10
Let v(i) = -i**3 + 7*i**2 - i + 15. Let w be v(7). Let s(m) = 47*m + 10. Suppose r - 8 = -3*r. Let f be s(r). Calculate the highest common divisor of w and f.
8
Suppose 64*z + 1435 = 67*z + x, -495 = -z + 3*x. What is the greatest common divisor of 90 and z?
30
Let h(c) be the first derivative of -c**2 + 88*c + 205. Let t be h(-6). Calculate the highest common divisor of t and 180.
20
Suppose -f + 4*p = 5, f - 3*p = -4*p + 20. Let v = 40 + -36. Let l be (-12)/v - -1 - -107. What is the greatest common divisor of f and l?
15
Let z = -641 - -616. Let b be (-6)/30 + (-3080)/z. Calculate the greatest common factor of b and 41.
41
Let v(f) = 8*f + 17. Let u = 414 + -396. Let g be v(u). What is the highest common divisor of 23 and g?
23
Let u = 1621 - 396. Calculate the greatest common divisor of 49 and u.
49
Let b be 18/(-27) + 69/9. Suppose 0 = -b*d + 9*d - 8. Let k be ((-2 - -4) + 0)*d. What is the greatest common factor of 16 and k?
8
Let o be (-27)/(-12)*(-416)/(-12). Let t = o + -57. Let c(l) = -2*l - 23. Let m be c(-13). What is the highest common divisor of m and t?
3
Let w(f) = 2*f**2 + f + 6. Let q be w(-6). Suppose 3*x + q = 2*o + 522, -3*x - 4*o = -432. Let s = x + -86. Calculate the greatest common factor of 93 and s.
31
Suppose 2*d - 272 = -6*d. What is the greatest common divisor of 153 and d?
17
Let k(x) = 2*x + 207. Let g be k(56). Calculate the highest common factor of 374 and g.
11
Suppose 21*w - 1407 - 1323 = 0. Calculate the greatest common divisor of 585 and w.
65
Let o(g) = -2*g**2 - 28*g - 24. Let s be o(-12). Let w be 213 - (s/(-18) - 2/3). What is the greatest common factor of w and 43?
43
Suppose 244*r - 8124 = 9444. Let g(v) = 3*v - 3. Let p be g(5). Suppose 4*q + 188 + p = f, -2*q + 890 = 5*f. What is the greatest common divisor of r and f?
36
Let u = -10402 + 10408. Let p = -18 - -30. Calculate the greatest common factor of u and p.
6
Let f(j) = 478*j - 1079. Let q be f(4). Suppose v = -0*r + r + 20, 4*r - 22 = -2*v. What is the highest common factor of v and q?
17
Let k(y) = -879*y + 2640. Let b be k(3). Let i(g) = g**3 + 2*g**2 + 2. Let d be i(2). Let z be 3/((-1)/(d/(-2))). What is the greatest common factor of z and b?
3
Let x = -202 - -207. Suppose -5*k + 7*k - 2*f - 140 = 0, -4*k = -x*f - 284. What is the highest common factor of k and 264?
66
Let f(c) = 7*c - 104. Let h be f(16). What is the highest common factor of 376 and h?
8
Let k(l) = -l - 7. Let g be k(-10). Let i(r) = -4*r - 188*r**2 - 2 + 368*r**2 + 10 - 178*r**2. Let t be i(g). What is the highest common factor of t and 112?
14
Let m = 47 - -43. Suppose 21*n + i = 18*n + 178, -236 = -4*n - 2*i. What is the greatest common divisor of n and m?
30
Suppose 3*q = 269 + 37. Suppose 3*l = -p + 12, -8*p = -5*p - 3*l. Suppose -3*y + 51 = 2*s, 2*y + 3*y = p*s + 85. What is the greatest common factor of y and q?
17
Let h(t) = 95*t - 668. Let p be h(10). Calculate the greatest common factor of 366 and p.
6
Let l(q) = -30*q**3 - 2*q - 1. Let r be l(-1). Suppose r - 64 = -11*f. What is the greatest common factor of f and 81?
3
Let v(p) = -12 + p**2 + 81*p - 166*p + 88*p. Let h be v(5). Let x be -2*2/4*-14. What is the highest common divisor of h and x?
14
Suppose 4*x - 42*c + 37*c - 26691 = 0, -5*x = -c - 33348. Calculate the highest common divisor of 39 and x.
39
Let a be 120/48*(-198)/(-5). Suppose 0 = -4*l + 15*l - a. Calculate the highest common factor of l and 1.
1
Let w be (-10)/(-4) + (-11)/22 - 8. Let s(m) = 4*m**2 - 32*m - 192. Let v be s(w). Calculate the greatest common factor of v and 54.
18
Suppose -5*h + 343 = x, 4*h = 8*h - 11*x - 239. What is the highest common divisor of 1751 and h?
17
Let z be ((-15)/(-6))/((-5)/270). Let w = 203 + z. Calculate the greatest common divisor of w and 4.
4
Suppose 0 = -707*g + 705*g - 6*p + 1576, -2*p + 2315 = 3*g. Calculate the greatest common divisor of g and 13.
13
Let n(g) = 259*g + 6266. Let a be n(-24). What is the highest common factor of 4175 and a?
25
Let j(z) = -9*z - 7*z + 18 - 7*z + 10*z. Let w be j(-2). Calculate the greatest common divisor of 11 and w.
11
Let u(o) = -259*o - 777. Let a be u(-15). What is the highest common factor of 6 and a?
6
Suppose 77*o - 84*o + 21 = 0. What is the highest common divisor of 37 and o?
1
Suppose 3*y - 50 = -3*g + 7, -4*y = -g - 51. What is the highest common factor of y and 6?
2
Let d(y) = 8*y + 48*y**3 - 14*y**2 + y**2 - 47*y**3 - 18. Let q be d(13). Suppose -8*p - 22 = -q. What is the greatest common divisor of p and 8?
8
Suppose -u - 2144 = -4*h, -h = 4*u - 8*u - 536. Let s = h - 523. What is the highest common factor of s and 104?
13
Let r = 33 + 41. Let o = 207 - r. Suppose -190 = n - 11*n. What is the highest common factor of o and n?
19
Let p(u) = 3*u + 56. Let r = -293 - -284. Let x be p(r). Calculate the greatest common factor of 145 and x.
29
Let j(a) = -4*a**3 - 22*a**2 + 21*a + 327. Let y be j(-11). Calculate the greatest common divisor of y and 14.
14
Let s(d) = 67*d**2 - 2*d - 6. Let y be (-48)/22 + ((-32)/44)/(-4). Let m be s(y). What is the highest common factor of 56 and m?
14
Let l be (-36)/12 + 16*7/2. Calculate the highest common divisor of 17331 and l.
53
Suppose -2*y + 5*n = -128, 8*n - 3*n - 128 = -2*y. Suppose 389 = 13*j + y. What is the greatest common factor of 10 and j?
5
Let h(o) = 